{"id":27,"date":"2020-03-02T12:00:12","date_gmt":"2020-03-02T11:00:12","guid":{"rendered":"https:\/\/www.coachingeasy.fr\/?page_id=27"},"modified":"2021-04-13T15:37:42","modified_gmt":"2021-04-13T13:37:42","slug":"mon-parcours","status":"publish","type":"page","link":"https:\/\/prepaqualiopi.fr\/index.php\/mon-parcours\/","title":{"rendered":"Maxence DANJOU"},"content":{"rendered":"\n<div class=\"wp-block-columns\">\n<div class=\"wp-block-column is-vertically-aligned-center\" style=\"flex-basis:33.33%\">\n<p><strong>Maxence DANJOU<\/strong>, Auditeur R.N.Q. Qualiopi<\/p>\n\n\n\n<p>Formateur<\/p>\n\n\n\n<p>Coach professionnel Certifi\u00e9 ICF, niveau PCC <\/p>\n\n\n\n<p>Form\u00e9 au coaching Collectif et individuel<\/p>\n<\/div>\n\n\n\n<div class=\"wp-block-column\" style=\"flex-basis:66.66%\">\n<figure class=\"wp-block-image size-medium\"><img loading=\"lazy\" width=\"200\" height=\"300\" src=\"http:\/\/coachingvisio.com\/wp-content\/uploads\/2020\/03\/IMG_5085-200x300.jpg\" alt=\"\" class=\"wp-image-54\" srcset=\"https:\/\/prepaqualiopi.fr\/wp-content\/uploads\/2020\/03\/IMG_5085-200x300.jpg 200w, https:\/\/prepaqualiopi.fr\/wp-content\/uploads\/2020\/03\/IMG_5085-683x1024.jpg 683w, https:\/\/prepaqualiopi.fr\/wp-content\/uploads\/2020\/03\/IMG_5085-768x1152.jpg 768w, https:\/\/prepaqualiopi.fr\/wp-content\/uploads\/2020\/03\/IMG_5085-1024x1536.jpg 1024w, https:\/\/prepaqualiopi.fr\/wp-content\/uploads\/2020\/03\/IMG_5085.jpg 1050w\" sizes=\"(max-width: 200px) 100vw, 200px\" \/><\/figure>\n<\/div>\n<\/div>\n\n\n\n<div class=\"wp-container-1 wp-block-group\"><div class=\"wp-block-group__inner-container\">\n<p>Suite \u00e0 plusieurs exp\u00e9riences salariales, puis assez vite d&rsquo;entreprenariat, j&rsquo;ai toujours eu le besoin d&rsquo;\u00e9voluer aussi bien dans la vie personnelle que professionnelle.<\/p>\n\n\n\n<p>Le coaching n&rsquo;\u00e9tant pas d\u00e9velopp\u00e9 \u00e0 l&rsquo;\u00e9poque o\u00f9 je m&rsquo;\u00e9tais lanc\u00e9 pour \u00eatre entrepreneur, j&rsquo;ai d\u00fb souvent faire face \u00e0 des situations nouvelles, parfois difficiles, sans accompagnement possible.<\/p>\n<\/div><\/div>\n\n\n\n<div class=\"wp-container-2 wp-block-group\"><div class=\"wp-block-group__inner-container\">\n<p>C&rsquo;est pourquoi ayant toujours eu la fibre de l&rsquo;entraide et la transmission, avec des capacit\u00e9s d&rsquo;\u00e9coute, un esprit de synth\u00e8se, et une grande importance de l&rsquo;\u00e9thique, j&rsquo;ai d\u00e9cid\u00e9 de suivre une formation de coaching professionnel, afin d\u2019avoir les outils et les bonnes m\u00e9thodes pour pouvoir optimiser l&rsquo;aide que je peux vous apporter.<\/p>\n<\/div><\/div>\n\n\n\n<div class=\"wp-block-columns\">\n<div class=\"wp-block-column\" style=\"flex-basis:33.33%\">\n<p> Profil Linkedin : <\/p>\n\n\n\n<p><a href=\"https:\/\/fr.linkedin.com\/in\/maxence-danjou-9b0a1816a\">https:\/\/fr.linkedin.com\/in\/maxence-danjou-9b0a1816a<\/a><\/p>\n<\/div>\n\n\n\n<div class=\"wp-block-column\" style=\"flex-basis:66.66%\">\n<figure class=\"wp-block-image size-thumbnail\"><a href=\"https:\/\/prepaqualiopi.fr\/wp-content\/uploads\/2020\/03\/Unitag_QRCode_1580915111485.png\"><img loading=\"lazy\" width=\"150\" height=\"150\" src=\"http:\/\/coachingvisio.com\/wp-content\/uploads\/2020\/03\/Unitag_QRCode_1580915111485-150x150.png\" alt=\"\" class=\"wp-image-126\" srcset=\"https:\/\/prepaqualiopi.fr\/wp-content\/uploads\/2020\/03\/Unitag_QRCode_1580915111485-150x150.png 150w, https:\/\/prepaqualiopi.fr\/wp-content\/uploads\/2020\/03\/Unitag_QRCode_1580915111485.png 300w\" sizes=\"(max-width: 150px) 100vw, 150px\" \/><\/a><\/figure>\n<\/div>\n<\/div>\n\n\n\n<div class=\"wp-block-columns\">\n<div class=\"wp-block-column is-vertically-aligned-center\" style=\"flex-basis:33.33%\">\n<p>Mon CV<\/p>\n<\/div>\n\n\n\n<div class=\"wp-block-column\" style=\"flex-basis:66.66%\">\n<div class=\"wp-block-image\"><figure class=\"alignleft size-large\"><a href=\"https:\/\/prepaqualiopi.fr\/wp-content\/uploads\/2021\/04\/Cv_Max_Audit_Site.jpg\"><img loading=\"lazy\" width=\"724\" height=\"1024\" src=\"https:\/\/prepaqualiopi.fr\/wp-content\/uploads\/2021\/04\/Cv_Max_Audit_Site-724x1024.jpg\" alt=\"\" class=\"wp-image-480\" srcset=\"https:\/\/prepaqualiopi.fr\/wp-content\/uploads\/2021\/04\/Cv_Max_Audit_Site-724x1024.jpg 724w, https:\/\/prepaqualiopi.fr\/wp-content\/uploads\/2021\/04\/Cv_Max_Audit_Site-212x300.jpg 212w, https:\/\/prepaqualiopi.fr\/wp-content\/uploads\/2021\/04\/Cv_Max_Audit_Site-768x1086.jpg 768w, https:\/\/prepaqualiopi.fr\/wp-content\/uploads\/2021\/04\/Cv_Max_Audit_Site.jpg 794w\" sizes=\"(max-width: 724px) 100vw, 724px\" \/><\/a><\/figure><\/div>\n<\/div>\n<\/div>\n\n\n\n<div class=\"wp-block-columns\">\n<div class=\"wp-block-column\">\n<p><\/p>\n\n\n\n<p>Dipl\u00f4mes de Coach professionnel<\/p>\n\n\n\n<p>Certifi\u00e9 ICF Niveau PCC <\/p>\n<\/div>\n\n\n\n<div class=\"wp-block-column\">\n<figure class=\"wp-block-image size-large\"><a href=\"https:\/\/prepaqualiopi.fr\/wp-content\/uploads\/2020\/03\/CoachActp-scaled-1.jpg\"><img src=\"https:\/\/www.coachingeasy.fr\/wp-content\/uploads\/2020\/03\/CoachActp-1024x718.jpg\" alt=\"\" class=\"wp-image-94\"\/><\/a><\/figure>\n<\/div>\n\n\n\n<div class=\"wp-block-column\">\n<figure class=\"wp-block-image size-large\"><a href=\"https:\/\/prepaqualiopi.fr\/wp-content\/uploads\/2020\/03\/CoachRncp-scaled-1.jpg\"><img src=\"https:\/\/www.coachingeasy.fr\/wp-content\/uploads\/2020\/03\/CoachRncp-1024x718.jpg\" alt=\"\" class=\"wp-image-95\"\/><\/a><\/figure>\n<\/div>\n<\/div>\n\n\n\n<div class=\"wp-block-media-text alignwide has-media-on-the-right is-stacked-on-mobile\" style=\"grid-template-columns:auto 30%\"><figure class=\"wp-block-media-text__media\"><img loading=\"lazy\" width=\"718\" height=\"1024\" src=\"http:\/\/coachingvisio.com\/wp-content\/uploads\/2020\/09\/CoachEquipe-1-718x1024.jpg\" alt=\"\" class=\"wp-image-301 size-full\" srcset=\"https:\/\/prepaqualiopi.fr\/wp-content\/uploads\/2020\/09\/CoachEquipe-1-718x1024.jpg 718w, https:\/\/prepaqualiopi.fr\/wp-content\/uploads\/2020\/09\/CoachEquipe-1-210x300.jpg 210w, https:\/\/prepaqualiopi.fr\/wp-content\/uploads\/2020\/09\/CoachEquipe-1-768x1096.jpg 768w, https:\/\/prepaqualiopi.fr\/wp-content\/uploads\/2020\/09\/CoachEquipe-1-1077x1536.jpg 1077w, https:\/\/prepaqualiopi.fr\/wp-content\/uploads\/2020\/09\/CoachEquipe-1-1436x2048.jpg 1436w, https:\/\/prepaqualiopi.fr\/wp-content\/uploads\/2020\/09\/CoachEquipe-1.jpg 1606w\" sizes=\"(max-width: 718px) 100vw, 718px\" \/><\/figure><div class=\"wp-block-media-text__content\">\n<p style=\"font-size:18px\">Formation Coaching d&rsquo;\u00e9quipes<\/p>\n<\/div><\/div>\n\n\n\n<div class=\"wp-block-columns\">\n<div class=\"wp-block-column\"><\/div>\n<\/div>\n\n\n\n<div class=\"wp-block-columns\">\n<div class=\"wp-block-column\">\n<p>Dipl\u00f4me d&rsquo;ing\u00e9nieur en g\u00e9nie m\u00e9canique et techniques de production ENSIAME<\/p>\n<\/div>\n\n\n\n<div class=\"wp-block-column\">\n<figure class=\"wp-block-image size-large\"><img loading=\"lazy\" width=\"1024\" height=\"718\" src=\"http:\/\/coachingvisio.com\/wp-content\/uploads\/2020\/09\/DiplomeInge-1-1024x718.jpg\" alt=\"\" class=\"wp-image-302\" srcset=\"https:\/\/prepaqualiopi.fr\/wp-content\/uploads\/2020\/09\/DiplomeInge-1-1024x718.jpg 1024w, https:\/\/prepaqualiopi.fr\/wp-content\/uploads\/2020\/09\/DiplomeInge-1-300x210.jpg 300w, https:\/\/prepaqualiopi.fr\/wp-content\/uploads\/2020\/09\/DiplomeInge-1-768x538.jpg 768w, https:\/\/prepaqualiopi.fr\/wp-content\/uploads\/2020\/09\/DiplomeInge-1-1536x1077.jpg 1536w, https:\/\/prepaqualiopi.fr\/wp-content\/uploads\/2020\/09\/DiplomeInge-1-2048x1436.jpg 2048w\" sizes=\"(max-width: 1024px) 100vw, 1024px\" \/><\/figure>\n<\/div>\n\n\n\n<div class=\"wp-block-column\">\n<figure class=\"wp-block-image size-large\"><img loading=\"lazy\" width=\"640\" height=\"466\" src=\"https:\/\/prepaqualiopi.fr\/wp-content\/uploads\/2020\/03\/DIPLOME-ISIV-MAXENCE-DANJOU.jpeg\" alt=\"\" class=\"wp-image-96\" srcset=\"https:\/\/prepaqualiopi.fr\/wp-content\/uploads\/2020\/03\/DIPLOME-ISIV-MAXENCE-DANJOU.jpeg 640w, https:\/\/prepaqualiopi.fr\/wp-content\/uploads\/2020\/03\/DIPLOME-ISIV-MAXENCE-DANJOU-300x218.jpeg 300w\" sizes=\"(max-width: 640px) 100vw, 640px\" \/><\/figure>\n<\/div>\n<\/div>\n\n\n\n<p><\/p>\n","protected":false},"excerpt":{"rendered":"<p>Maxence DANJOU, Auditeur R.N.Q. Qualiopi Formateur Coach professionnel Certifi\u00e9 ICF, niveau PCC Form\u00e9 au coaching Collectif et individuel Suite \u00e0 plusieurs exp\u00e9riences salariales, puis assez vite d&rsquo;entreprenariat, j&rsquo;ai toujours eu le besoin d&rsquo;\u00e9voluer aussi bien dans la vie personnelle que professionnelle. Le coaching n&rsquo;\u00e9tant pas d\u00e9velopp\u00e9 \u00e0 l&rsquo;\u00e9poque o\u00f9 je m&rsquo;\u00e9tais lanc\u00e9 pour \u00eatre entrepreneur, &hellip;<\/p>\n<p class=\"read-more\"> <a class=\"\" href=\"https:\/\/prepaqualiopi.fr\/index.php\/mon-parcours\/\"> <span class=\"screen-reader-text\">Maxence DANJOU<\/span> Lire la suite\u00a0\u00bb<\/a><\/p>\n","protected":false},"author":1,"featured_media":0,"parent":0,"menu_order":0,"comment_status":"closed","ping_status":"closed","template":"","meta":{"site-sidebar-layout":"default","site-content-layout":"default","ast-main-header-display":"","ast-hfb-above-header-display":"","ast-hfb-below-header-display":"","ast-hfb-mobile-header-display":"","site-post-title":"","ast-breadcrumbs-content":"","ast-featured-img":"","footer-sml-layout":"","theme-transparent-header-meta":"default","adv-header-id-meta":"","stick-header-meta":"","header-above-stick-meta":"","header-main-stick-meta":"","header-below-stick-meta":""},"_links":{"self":[{"href":"https:\/\/prepaqualiopi.fr\/index.php\/wp-json\/wp\/v2\/pages\/27"}],"collection":[{"href":"https:\/\/prepaqualiopi.fr\/index.php\/wp-json\/wp\/v2\/pages"}],"about":[{"href":"https:\/\/prepaqualiopi.fr\/index.php\/wp-json\/wp\/v2\/types\/page"}],"author":[{"embeddable":true,"href":"https:\/\/prepaqualiopi.fr\/index.php\/wp-json\/wp\/v2\/users\/1"}],"replies":[{"embeddable":true,"href":"https:\/\/prepaqualiopi.fr\/index.php\/wp-json\/wp\/v2\/comments?post=27"}],"version-history":[{"count":1,"href":"https:\/\/prepaqualiopi.fr\/index.php\/wp-json\/wp\/v2\/pages\/27\/revisions"}],"predecessor-version":[{"id":482,"href":"https:\/\/prepaqualiopi.fr\/index.php\/wp-json\/wp\/v2\/pages\/27\/revisions\/482"}],"wp:attachment":[{"href":"https:\/\/prepaqualiopi.fr\/index.php\/wp-json\/wp\/v2\/media?parent=27"}],"curies":[{"name":"wp","href":"https:\/\/api.w.org\/{rel}","templated":true}]}}